{"id":3121,"date":"2026-05-12T08:18:44","date_gmt":"2026-05-12T08:18:44","guid":{"rendered":"https:\/\/webmatica.es\/?page_id=3121"},"modified":"2026-05-12T08:18:45","modified_gmt":"2026-05-12T08:18:45","slug":"aig-software-de-gestion","status":"publish","type":"page","link":"https:\/\/webmatica.es\/index.php\/aig-software-de-gestion\/","title":{"rendered":"AIG &#8211; Software de Gesti\u00f3n"},"content":{"rendered":"\n<figure class=\"wp-block-image\"><img decoding=\"async\" src=\"https:\/\/aigclassic.com\/images\/banners\/banner_splash.gif\" alt=\"\"\/><\/figure>\n\n\n\n<p><a href=\"https:\/\/aigclassic.com\/\" target=\"_blank\" rel=\"noreferrer noopener\"><\/a><\/p>\n\n\n\n<h2 class=\"wp-block-heading\">Optimiza la gesti\u00f3n de tu negocio con ClassicGes 6 y ClassicConta 6<\/h2>\n\n\n\n<p>Los programas AIGCLASSIC est\u00e1n avalados por una amplia experiencia en el sector de la gesti\u00f3n empresarial y un servicio t\u00e9cnico profesional. La suscripci\u00f3n anual incluye licencia de uso de programa, soporte t\u00e9cnico con teleasistencia, importaci\u00f3n de datos de otros programas, actualizaci\u00f3n online y mejoras continuas, servicio de copias de seguridad y acceso remoto al programa.<\/p>\n\n\n\n<h3 class=\"wp-block-heading\">PRU\u00c9BALOS GRATIS<\/h3>\n\n\n\n<p>Disfruta de nuestra promoci\u00f3n especial introduciendo el c\u00f3digo PCD9Q356X durante la instalaci\u00f3n de la demo. Recuerda introducir datos reales porque \u00e9stos se mantendr\u00e1n una vez formalices la suscripci\u00f3n.<\/p>\n\n\n\n<figure class=\"wp-block-image\"><img decoding=\"async\" src=\"https:\/\/aigclassic.com\/images\/demo_ges.png\" alt=\"\"\/><\/figure>\n\n\n\n<h2 class=\"wp-block-heading\">ClassicGes 6<\/h2>\n\n\n\n<p><strong>El motor de tu negocio<\/strong>. Un programa de uso intuitivo que optimiza la gesti\u00f3n de tu negocio con herramientas eficaces para todo tipo de sector: Gesti\u00f3n empresa, Hosteler\u00eda, Comercio, Fabricaci\u00f3n, Aut\u00f3nomos. Incluye acceso remoto, tienda online y apps m\u00f3viles.<\/p>\n\n\n\n<p><a href=\"https:\/\/aigclassic.com\/classicges6-gestion.php\">Saber m\u00e1s &gt;<\/a><\/p>\n\n\n\n<p><a href=\"https:\/\/aigclassic.com\/aig_demos\/Instalar_ClassicGes6.exe\">Descargar demo<\/a><\/p>\n\n\n\n<figure class=\"wp-block-image\"><img decoding=\"async\" src=\"https:\/\/aigclassic.com\/images\/demo_ges_comercio.png\" alt=\"\"\/><\/figure>\n\n\n\n<h2 class=\"wp-block-heading\">ClassicGes 6 Comercio<\/h2>\n\n\n\n<p><strong>Programa TPV convencional y TPV t\u00e1ctil<\/strong> compatible con display, impresora de tickets y caj\u00f3n de dinero. Eficaz para una \u00f3ptima gesti\u00f3n de art\u00edculos con tallas y colores, etiquetado, gesti\u00f3n de rebajas y control de stock. Permite conexi\u00f3n remota y tienda online.<\/p>\n\n\n\n<p><a href=\"https:\/\/aigclassic.com\/sector-comercio.php\">Saber m\u00e1s &gt;<\/a><\/p>\n\n\n\n<p><a href=\"https:\/\/aigclassic.com\/aig_demos\/Instalar_ClassicGes6.exe\">Descargar demo<\/a><\/p>\n\n\n\n<figure class=\"wp-block-image\"><img decoding=\"async\" src=\"https:\/\/aigclassic.com\/images\/demo_ges_hosteleria.png\" alt=\"\"\/><\/figure>\n\n\n\n<h2 class=\"wp-block-heading\">ClassicGes 6 Hosteler\u00eda<\/h2>\n\n\n\n<p><strong>Programa TPV Hosteler\u00eda com<\/strong> ompatible con caj\u00f3n de dinero e impresora de tickets. Permite gesti\u00f3n de men\u00fas, reservas, precios por zonas, pagos por separado, productos con escandallo y control de stocks. Con App de TPV m\u00f3vil para tomar comandas y tienda online para servicio a domicilio.<\/p>\n\n\n\n<p><a href=\"https:\/\/aigclassic.com\/sector-hosteleria.php\">Saber m\u00e1s &gt;<\/a><\/p>\n\n\n\n<p><a href=\"https:\/\/aigclassic.com\/aig_demos\/Instalar_ClassicGes6.exe\">Descargar demo<\/a><\/p>\n\n\n\n<figure class=\"wp-block-image\"><img decoding=\"async\" src=\"https:\/\/aigclassic.com\/images\/demo_ges_fabricacion.png\" alt=\"\"\/><\/figure>\n\n\n\n<h2 class=\"wp-block-heading\">ClassicGes 6 Fabricaci\u00f3n y Aut\u00f3nomos<\/h2>\n\n\n\n<p><strong>Programa para fabricaci\u00f3n en serie, producci\u00f3n a medida y gesti\u00f3n de proyectos,<\/strong> \u00fatil para empresas y para el trabajo de profesionales independientes y aut\u00f3nomos. Eficaz para gestionar la facturaci\u00f3n, productos con escandallo, c\u00e1lculo de stock y de necesidades, previsiones de tesorer\u00eda y cobros y pagos.<\/p>\n\n\n\n<p><strong>\u00a1Pru\u00e9balo ya!<\/strong><\/p>\n\n\n\n<p><a href=\"https:\/\/aigclassic.com\/sector-fabricacion.php\">Saber m\u00e1s &gt;<\/a><\/p>\n\n\n\n<p><a href=\"https:\/\/aigclassic.com\/aig_demos\/Instalar_ClassicGes6.exe\">Descargar demo<\/a><\/p>\n\n\n\n<figure class=\"wp-block-image\"><img decoding=\"async\" src=\"https:\/\/aigclassic.com\/images\/demo_conta.png\" alt=\"\"\/><\/figure>\n\n\n\n<h2 class=\"wp-block-heading\">ClassicConta 6<\/h2>\n\n\n\n<p>Contabilidad profesional al alcance de todos. La herramienta contable m\u00e1s completa, con operaciones de contabilidad financiera, departamental y presupuestaria y Modelos de Hacienda siempre actualizados.<\/p>\n\n\n\n<p><a href=\"https:\/\/aigclassic.com\/classicconta6.php\">Saber m\u00e1s &gt;<\/a><\/p>\n\n\n\n<p><a href=\"https:\/\/aigclassic.com\/aig_demos\/Instalar_ClassicConta6.exe\">Descargar demo<\/a><\/p>\n","protected":false},"excerpt":{"rendered":"<p>Optimiza la gesti\u00f3n de tu negocio con ClassicGes 6 y ClassicConta 6 Los programas AIGCLASSIC est\u00e1n avalados por una amplia experiencia en el sector de la gesti\u00f3n empresarial y un servicio t\u00e9cnico profesional. La suscripci\u00f3n anual incluye licencia de uso de programa, soporte t\u00e9cnico con teleasistencia, importaci\u00f3n de datos de otros programas, actualizaci\u00f3n online y [&hellip;]<\/p>\n","protected":false},"author":1,"featured_media":0,"parent":0,"menu_order":0,"comment_status":"closed","ping_status":"closed","template":"","meta":{"om_disable_all_campaigns":false,"_monsterinsights_skip_tracking":false,"_monsterinsights_sitenote_active":false,"_monsterinsights_sitenote_note":"","_monsterinsights_sitenote_category":0,"footnotes":""},"class_list":["post-3121","page","type-page","status-publish","hentry"],"aioseo_notices":[],"_links":{"self":[{"href":"https:\/\/webmatica.es\/index.php\/wp-json\/wp\/v2\/pages\/3121","targetHints":{"allow":["GET"]}}],"collection":[{"href":"https:\/\/webmatica.es\/index.php\/wp-json\/wp\/v2\/pages"}],"about":[{"href":"https:\/\/webmatica.es\/index.php\/wp-json\/wp\/v2\/types\/page"}],"author":[{"embeddable":true,"href":"https:\/\/webmatica.es\/index.php\/wp-json\/wp\/v2\/users\/1"}],"replies":[{"embeddable":true,"href":"https:\/\/webmatica.es\/index.php\/wp-json\/wp\/v2\/comments?post=3121"}],"version-history":[{"count":1,"href":"https:\/\/webmatica.es\/index.php\/wp-json\/wp\/v2\/pages\/3121\/revisions"}],"predecessor-version":[{"id":3122,"href":"https:\/\/webmatica.es\/index.php\/wp-json\/wp\/v2\/pages\/3121\/revisions\/3122"}],"wp:attachment":[{"href":"https:\/\/webmatica.es\/index.php\/wp-json\/wp\/v2\/media?parent=3121"}],"curies":[{"name":"wp","href":"https:\/\/api.w.org\/{rel}","templated":true}]}}